{"id":598,"date":"2019-11-10T11:24:10","date_gmt":"2019-11-10T11:24:10","guid":{"rendered":"https:\/\/xn--bchsler-n2a.de\/?page_id=598"},"modified":"2019-11-10T11:34:18","modified_gmt":"2019-11-10T11:34:18","slug":"bemer-therapie","status":"publish","type":"page","link":"https:\/\/xn--bchsler-n2a.de\/?page_id=598","title":{"rendered":"BEMER\u00ae Therapie"},"content":{"rendered":"\n<p class=\"wp-block-paragraph\">Die physikalische Gef\u00e4\u00dftherapie BEMER\u00ae beruht auf der F\u00f6rderung der Mikrozirkulation in den kleinsten Blutgef\u00e4\u00dfen (Kapillaren). Das spezielle Signal reguliert in den feinen Gef\u00e4\u00dfnetzwerken den Stoffaustausch zwischen Blut und umliegenden Gewebe, sodass die Flie\u00dfgeschwindigkeit gesteigert wird. Dies f\u00f6rdert eine optimale Versorgung mit Sauerstoff und N\u00e4hrstoffen sowie die Entsorgung von Stoffwechselendprodukten.<\/p>\n\n\n\n<p class=\"wp-block-paragraph\">Daher ist die BEMER\u00ae Therapie bei einer Vielzahl von Indikationen hilfreich, wie z. B.:<\/p>\n\n\n\n<ul class=\"wp-block-list\"><li>Stoffwechselprobleme (EMS, Hufrehe)<\/li><li>Verspannungen, Schmerzen im Bewegungsapparat<\/li><li>entz\u00fcndlichen Prozessen (wei\u00dfe Blutk\u00f6rperchen k\u00f6nnen besser in das umliegende Gewebe transportiert werden, um die k\u00f6rpereigene Abwehr zu unterst\u00fctzen)<\/li><li>Verletzungen im Bewegungsapparat (z. B. Sehnen)<\/li><li>zur Regeneration nach k\u00f6rperlicher Anstrengung\/zur Prophylaxe <\/li><li>zur Entspannung<\/li><li>etc.<\/li><\/ul>\n\n\n\n<ul class=\"wp-block-gallery columns-3 is-cropped wp-block-gallery-1 is-layout-flex wp-block-gallery-is-layout-flex\"><li class=\"blocks-gallery-item\"><figure><img fetchpriority=\"high\" decoding=\"async\" width=\"1024\" height=\"768\" src=\"https:\/\/xn--bchsler-n2a.de\/wp-content\/uploads\/2019\/11\/2019-11-10-12-22-03-2-1024x768.jpg\" alt=\"\" data-id=\"607\" data-link=\"https:\/\/xn--bchsler-n2a.de\/?attachment_id=607\" class=\"wp-image-607\" srcset=\"https:\/\/xn--bchsler-n2a.de\/wp-content\/uploads\/2019\/11\/2019-11-10-12-22-03-2-1024x768.jpg 1024w, https:\/\/xn--bchsler-n2a.de\/wp-content\/uploads\/2019\/11\/2019-11-10-12-22-03-2-640x480.jpg 640w, https:\/\/xn--bchsler-n2a.de\/wp-content\/uploads\/2019\/11\/2019-11-10-12-22-03-2-768x576.jpg 768w\" sizes=\"(max-width: 1024px) 100vw, 1024px\" \/><\/figure><\/li><li class=\"blocks-gallery-item\"><figure><img decoding=\"async\" width=\"1024\" height=\"768\" src=\"https:\/\/xn--bchsler-n2a.de\/wp-content\/uploads\/2019\/11\/2019-11-10-12-23-34-1-1024x768.jpg\" alt=\"\" data-id=\"606\" data-link=\"https:\/\/xn--bchsler-n2a.de\/?attachment_id=606\" class=\"wp-image-606\" srcset=\"https:\/\/xn--bchsler-n2a.de\/wp-content\/uploads\/2019\/11\/2019-11-10-12-23-34-1-1024x768.jpg 1024w, https:\/\/xn--bchsler-n2a.de\/wp-content\/uploads\/2019\/11\/2019-11-10-12-23-34-1-640x480.jpg 640w, https:\/\/xn--bchsler-n2a.de\/wp-content\/uploads\/2019\/11\/2019-11-10-12-23-34-1-768x576.jpg 768w\" sizes=\"(max-width: 1024px) 100vw, 1024px\" \/><\/figure><\/li><li class=\"blocks-gallery-item\"><figure><img decoding=\"async\" width=\"1024\" height=\"768\" src=\"https:\/\/xn--bchsler-n2a.de\/wp-content\/uploads\/2019\/11\/2019-11-10-12-22-03-1-e1573385502722-1024x768.jpg\" alt=\"\" data-id=\"608\" data-link=\"https:\/\/xn--bchsler-n2a.de\/?attachment_id=608\" class=\"wp-image-608\" srcset=\"https:\/\/xn--bchsler-n2a.de\/wp-content\/uploads\/2019\/11\/2019-11-10-12-22-03-1-e1573385502722-1024x768.jpg 1024w, https:\/\/xn--bchsler-n2a.de\/wp-content\/uploads\/2019\/11\/2019-11-10-12-22-03-1-e1573385502722-640x480.jpg 640w, https:\/\/xn--bchsler-n2a.de\/wp-content\/uploads\/2019\/11\/2019-11-10-12-22-03-1-e1573385502722-768x576.jpg 768w\" sizes=\"(max-width: 1024px) 100vw, 1024px\" \/><\/figure><\/li><\/ul>\n\n\n\n<p class=\"wp-block-paragraph\">Weitere Informationen unter <a href=\"https:\/\/deutschland.bemergroup.com\/de\">https:\/\/deutschland.bemergroup.com\/de<\/a><\/p>\n","protected":false},"excerpt":{"rendered":"<p>Die physikalische Gef\u00e4\u00dftherapie BEMER\u00ae beruht auf der F\u00f6rderung der Mikrozirkulation in den kleinsten Blutgef\u00e4\u00dfen (Kapillaren). Das spezielle Signal reguliert in den feinen Gef\u00e4\u00dfnetzwerken den Stoffaustausch zwischen Blut und umliegenden Gewebe, sodass die Flie\u00dfgeschwindigkeit gesteigert wird. Dies f\u00f6rdert eine optimale Versorgung &hellip; <a href=\"https:\/\/xn--bchsler-n2a.de\/?page_id=598\">Weiterlesen<\/a><\/p>\n","protected":false},"author":1,"featured_media":0,"parent":0,"menu_order":0,"comment_status":"closed","ping_status":"closed","template":"","meta":{"_crdt_document":"","footnotes":""},"class_list":["post-598","page","type-page","status-publish","hentry"],"_links":{"self":[{"href":"https:\/\/xn--bchsler-n2a.de\/index.php?rest_route=\/wp\/v2\/pages\/598","targetHints":{"allow":["GET"]}}],"collection":[{"href":"https:\/\/xn--bchsler-n2a.de\/index.php?rest_route=\/wp\/v2\/pages"}],"about":[{"href":"https:\/\/xn--bchsler-n2a.de\/index.php?rest_route=\/wp\/v2\/types\/page"}],"author":[{"embeddable":true,"href":"https:\/\/xn--bchsler-n2a.de\/index.php?rest_route=\/wp\/v2\/users\/1"}],"replies":[{"embeddable":true,"href":"https:\/\/xn--bchsler-n2a.de\/index.php?rest_route=%2Fwp%2Fv2%2Fcomments&post=598"}],"version-history":[{"count":6,"href":"https:\/\/xn--bchsler-n2a.de\/index.php?rest_route=\/wp\/v2\/pages\/598\/revisions"}],"predecessor-version":[{"id":613,"href":"https:\/\/xn--bchsler-n2a.de\/index.php?rest_route=\/wp\/v2\/pages\/598\/revisions\/613"}],"wp:attachment":[{"href":"https:\/\/xn--bchsler-n2a.de\/index.php?rest_route=%2Fwp%2Fv2%2Fmedia&parent=598"}],"curies":[{"name":"wp","href":"https:\/\/api.w.org\/{rel}","templated":true}]}}